are the prime factors of q?
3
Suppose 2*v + 0 = -4*j + 8, -v = j - 1. Let k be 4/j - (-4)/6. Suppose -4*s + 2 = 2*f - 4, 0 = -k*f - 2*s + 12. What are the prime factors of f?
3
Let p(w) = w**3 - 10*w**2 + 11*w - 13. Let l be -4*(-2)/4 - -7. Let q be p(l). Suppose -1 - 29 = -q*u. List the prime factors of u.
2, 3
Let y = -12 + 4. Suppose -3*t + 4*t = 19. Let c = y + t. What are the prime factors of c?
11
Let h be (-2)/2*(1 + -5). Let d = -37 + 53. Suppose h*c - d = 2*c. List the prime factors of c.
2
Suppose -865 = -6*a - 259. What are the prime factors of a?
101
Suppose -4*h + 2*u - 16 = 6*u, -4*u = -3*h - 47. Let o be 502/6 - 3/h. Suppose 7*s - o = 3*s. What are the prime factors of s?
3, 7
Let q = 30 + -25. Suppose -46 = q*n - 171. What are the prime factors of n?
5
Suppose 0 = 4*x + 9 + 75. Suppose 0 = -4*p - 20, l + 0*p = -3*p - 49. Let f = x - l. What are the prime factors of f?
13
Suppose -8*a + 765 = -3*a + 5*s, -4*s = a - 138. Suppose -3*t + 41 + 79 = -3*n, -3*n = -4*t + a. List the prime factors of t.
2, 19
Let c = 70 - -45. What are the prime factors of c?
5, 23
Suppose 2*d - 10 = d - n, -5*n = 3*d - 28. Let k(m) = -3 + m**2 + d + 0 + m. What are the prime factors of k(0)?
2
Suppose -y + 48 = 3*d, -5*y = d - 3 - 223. What are the prime factors of y?
3, 5
Let b(j) = 165*j**2 - 2*j. List the prime factors of b(-1).
167
Suppose 4*p + 45 = -p. Let j = -6 - p. Suppose 2 = 2*l + 5*d - 9, j*l = d + 8. List the prime factors of l.
3
Suppose 7*k - 9*k = -42. What are the prime factors of k?
3, 7
Let d(k) = -6*k - k**2 + 3 - 6 + 14*k. Let m be d(7). Suppose -h = 0, -c - h + 0 + m = 0. What are the prime factors of c?
2
Let c(w) = -w**2 - 8*w. What are the prime factors of c(-6)?
2, 3
Suppose -10 = -2*t + t - 3*o, 2*t + 5*o = 23. What are the prime factors of t?
19
Let g = -42 + 101. List the prime factors of g.
59
Suppose -3*w - 4 = -13. Let s be (18/14 - w)*-7. Suppose -3*y + s + 6 = 0. What are the prime factors of y?
2, 3
Suppose 3*d = -l + 28, 4*l + 1 = -7. Let g = d - -3. Let w = 18 - g. List the prime factors of w.
5
Let v be (-6)/((4/(-6))/(-1)). Let a(j) = 0*j**2 - j**2 + 0*j**2 + 0*j - 12 - 11*j. What are the prime factors of a(v)?
2, 3
Let g(r) = -r - 9. Let o be g(-9). Suppose o + 4 = y. What are the prime factors of y?
2
Suppose 5*b = -6 + 16. Suppose 3*n = -b*n. What are the prime factors of ((n - -1) + 9)*1?
2, 5
List the prime factors of (-17)/(-1) + 4/(-1).
13
Suppose -4*z - h = 69 - 1, 0 = -4*z + 3*h - 52. Let d = 30 + z. List the prime factors of d.
2, 7
List the prime factors of (-5)/(2/12*-2).
3, 5
Let s = -49 - -71. List the prime factors of s.
2, 11
Suppose 0 = -2*o + 4*o - 5*v - 33, 4*o - 2*v = 58. List the prime factors of o.
2, 7
Let s(r) = r**3 + 8*r**2 - 9*r + 4. List the prime factors of s(-7).
2, 29
Suppose -p = 4*p + 2*o - 455, -o = -3*p + 273. List the prime factors of p.
7, 13
Let g(j) = -j**3 - 5*j**2 - j - 1. Suppose 0 = -3*m - 12 - 6. List the prime factors of g(m).
41
List the prime factors of (5 - (-3 - -6)) + 15.
17
Let k = -124 - -299. What are the prime factors of k?
5, 7
What are the prime factors of 4/(-10) + 324/10?
2
Let s(j) = j**3 + 7*j**2 - 9*j - 5. Let z be s(-8). Let k = 12 - z. What are the prime factors of (-2)/(-3) - (-12)/k?
2
Let i(b) = -14*b - 4. Let h(d) = -4*d + 1. Let z be h(1). Let u be i(z). Suppose -1 = -3*g + u. What are the prime factors of g?
13
Let n(k) = 3*k**2 + 8*k - 4. What are the prime factors of n(4)?
2, 19
Let r = 135 + -78. What are the prime factors of r?
3, 19
Let v = -13 + 11. What are the prime factors of v/6 - 43/(-3)?
2, 7
Let c(h) = 66*h**2 + h. What are the prime factors of c(-1)?
5, 13
Let v = 9 - 5. Suppose 0 = -v*r - 5*z + 83, 37 + 61 = 4*r + 2*z. List the prime factors of r.
3
Let c(m) = -m**3 - 3*m**2 - 2*m. Let x be c(-3). Let t be (1 - 0)/((-2)/x). What are the prime factors of t/9 - 22/(-3)?
7
What are the prime factors of ((-72)/(-30))/((-3)/(-20))?
2
Suppose -f = -4*r - 9, -4*r + f - 5 = 4*f. What are the prime factors of r/5 + (-124)/(-10)?
2, 3
Suppose 8 = -6*o + 7*o. Let y = 13 - o. What are the prime factors of y?
5
Suppose 210 = 2*t - 294. What are the prime factors of 9/(-15) + t/20?
2, 3
What are the prime factors of (3 + -7)*(-17 + -3)?
2, 5
Let c(g) = -g - 4. Let y be c(5). Suppose -2*z - 35 = 3*z - 5*b, -5*b = -20. Let h = z - y. What are the prime factors of h?
2, 3
Let f = 31 - 23. List the prime factors of f.
2
Suppose x - t = 0, -6*x + 32 = -2*x + 4*t. Suppose -x*k = -0 - 20. Suppose f - 3*z - 2 = 0, 8 = k*f + 2*z - 53. What are the prime factors of f?
11
Let x = -15 - -9. Let k be x/18 - 68/3. Let z = k - -34. What are the prime factors of z?
11
Let j be (0 + 3/(-6))*-4. Suppose f + y = 6*f - 27, -f = j*y - 1. Suppose f*c - 14 = 36. What are the prime factors of c?
2, 5
Let u(r) = 2*r**2 + 3*r + 6. List the prime factors of u(6).
2, 3
Let t = 14 - -34. Let k be (t/18)/((-2)/(-3)). Suppose -4*z = -6*z - 4*h + 12, 46 = k*z - 3*h. What are the prime factors of z?
2, 5
Suppose 400 = 4*q - 0*q. Suppose -4*x = -0*x - q. What are the prime factors of x?
5
Let d be (4/6)/(14/105). Suppose 3*w - 13 = o, 15 = -2*w + d*w - 3*o. What are the prime factors of w?
2
Let y(l) = -l**2 + 8*l + 8. Let g be y(9). Let a be 2/g*(1 + -3). Suppose 0 = a*v - 7*v + 21. List the prime factors of v.
7
Let h(x) = 2*x - x**2 + 9*x + 8 - 13*x + 3*x. List the prime factors of h(0).
2
Suppose 20 - 8 = 2*p. Suppose p + 3 = -j. Let k = 14 + j. What are the prime factors of k?
5
Suppose 0 = 2*v - 5 - 5. Let j be v + 1/(2/(-2)). Suppose -2*t + 5*b - 11 = -j*t, 0 = -2*t + 4*b + 2. What are the prime factors of t?
3
Let a = -13 - -16. Suppose a*c - 136 = -c. List the prime factors of c.
2, 17
Suppose -2*t - 2*t = 24. Let m = t - -3. What are the prime factors of (-13)/m - (-2)/3?
5
Let o be (4 - -3)*6/3. Let d(y) = y**3 - 4*y**2 - y + 6. Let r be d(5). Let m = r - o. List the prime factors of m.
2, 3
Let z = 8 + 0. Let l be ((-6)/z)/((-1)/(-8)). What are the prime factors of (54/8)/(l/(-16))?
2, 3
Suppose -i - 3*k - 14 = 0, 5*k + 4 = 4*i - 8. List the prime factors of (i + 0)*15/(-6).
5
Let r(k) be the third derivative of -k**4/3 + k**3/6 - k**2. List the prime factors of r(-3).
5
Let n = 0 - -11. Let h = 18 - n. List the prime factors of h.
7
Let f be 3*(4/3 - 0). Suppose -f = -q - q. List the prime factors of q.
2
Let u be 1 + 2 + (1 - -2). List the prime factors of (7 + 0)/(u/12).
2, 7
Let a(o) = -o**2 + 8*o + 5. Let r be a(8). Let w = r - 1. Suppose 12 = 2*p + 4*m, -w*m - 14 = -p + 10. List the prime factors of p.
2, 3
List the prime factors of 2 + (5*4 - 1).
3, 7
List the prime factors of 3 + 32 - (0 - (5 - 3)).
37
Let x = -43 - -118. What are the prime factors of x?
3, 5
Let r(f) = -5*f**3 - 3*f**2 - 2*f - 2. Let j(u) = -u**2 - 8*u - 2. Let w be j(-8). Let i be r(w). List the prime factors of (i + -6)*2/4.
2, 3
Let n(j) = -j**2 + 25*j - 21. What are the prime factors of n(24)?
3
Let w(l) = -l**2 + 4. Let b be w(4). Let v be 3/(-4*(-1)/20) - -2. Let f = v + b. List the prime factors of f.
5
Let v = 25 - -8. What are the prime factors of v?
3, 11
Suppose -5*g = -5*l - 1060, 0*g = 3*g + 4*l - 636. What are the prime factors of g?
2, 53
Let b(z) = 2*z - 5. Let u be (-2)/(6*1)*-15. Let j(y) = 3*y - 8. Let l(q) = u*j(q) - 7*b(q). List the prime factors of l(7).
2
Suppose -2*q - 3*q = 0. Suppose 4*i + 3 - 27 = q. What are the prime factors of i?
2, 3
Suppose -3*i - 3 = -h, 2*h - 3 = 2*i - 1. Suppose -d + 13 = -h. What are the prime factors of d?
13
Let s = 4 + -2. Suppose -1 = -j - s. Let z = 3 + j. What are the prime factors of z?
2
Suppose -2*r + 35 = 3*q, r + 5*q - 9 + 2 = 0. Suppose -t = 0, -34 = 4*v - 5*t + r. What are the prime factors of v/21 - (-112)/6?
2, 3
What are the prime factors of 2 - (5 - 10 - 310)?
317
Let u = 184 + -33. List the prime factors of u.
151
Let y(x) = -7*x - 1. What are the prime factors of y(-4)?
3
Suppose 3*j = 4*r + 144, 3*r + 96 = 2*j + 2*r. What are the prime factors of j?
2, 3
Suppose 0 = 3*o - 2*b - 223, -4*o + 353 = 4*b + 69. List the prime factors of o.
73
Let q = 3 + 0. Let k be 2/6 + (-7)/q. Let h = 10 + k. List the prime factors of h.
2
What are the prime factors of (6/36*200)/((-2)/(-15))?
2, 5
Suppose 10*r - 628 = 1122. List the 